ime factors of ((40/2)/4)/(2/10).
5
Let t(y) be the second derivative of -y**4/12 + 7*y**3/6 + y**2/2 + 3*y. Let w(b) = b + 9. Let h be w(-4). List the prime factors of t(h).
11
Let c(d) = d**2 + 5. Let i = -60 + 42. Let g be 3 - (-3 + i/(-3)). What are the prime factors of c(g)?
5
Let s(z) = -4*z. Let j be s(-5). Suppose -4*h + 28 = 3*r, -2*h - 2*r = r - j. What are the prime factors of h?
2
Let t(q) = q**3 + 14*q**2 + 8*q + 7. What are the prime factors of t(-13)?
2, 3
Let n be (0 - 3/(-9))*-15. Let f be ((-2)/(-2))/(n/(-140)). Suppose 8*a - 4*a - f = 0. List the prime factors of a.
7
Suppose 3*i + 13 = -4*y, 0 = -3*i - y - 0*y - 19. Let k(d) = -d**3 - 6*d**2 - 6. List the prime factors of k(i).
43
Suppose 2*v + 3*v = 570. List the prime factors of (-2)/(-4) + v/4.
29
Let n = -114 - 41. List the prime factors of n/(-6) + (-2)/(-12).
2, 13
Let p = 125 + -37. What are the prime factors of p?
2, 11
Let r be (8/5)/((-2)/(-5)). Suppose -2*j = -r*j + 18. What are the prime factors of j?
3
List the prime factors of 1/((-6)/(-18)) + 316.
11, 29
Let v = 2 - -4. Suppose -9*s + 129 = -v*s. List the prime factors of s.
43
Suppose -4*f - 3*t + 17 = -19, 0 = -2*f - 5*t + 4. Suppose 0 = -4*l - f + 4. What are the prime factors of 8/(-12)*27/l?
3
Let a(p) = 2*p**2 - 10*p - 28. What are the prime factors of a(15)?
2, 17
Let f = 44 + -19. What are the prime factors of f?
5
Suppose -667 = -6*k - 169. List the prime factors of k.
83
Suppose 2*i + l + 29 = 4*i, 0 = i + l - 16. Let o = i + -9. List the prime factors of o.
2, 3
Let b = 26 - 4. List the prime factors of b.
2, 11
What are the prime factors of (-8)/(-14) - 2255/(-35)?
5, 13
Suppose -3*f + 752 = -z, 2*z + 2*z + 749 = 3*f. What are the prime factors of f?
251
Let n(z) = -4*z + 4. Let b(x) = 4*x - 5. Let s(q) = 2*b(q) + 3*n(q). List the prime factors of s(-4).
2, 3
Suppose 0 = 3*o + 4*o - 231. List the prime factors of o.
3, 11
List the prime factors of 292 - (-5 - -4 - 2/2).
2, 3, 7
Let s = -19 + 47. Let w = s - 19. List the prime factors of w.
3
Let a(d) = -d**3 - 9*d**2 - 10*d - 11. Let b be a(-8). Suppose 3*v + 5*u - b = 0, -3*u = v + 2*v - 15. What are the prime factors of v?
2, 5
Suppose -2*h + 15 = -7*h, 4*h + 8 = -4*d. Let f be 238 + d + -4 + 5. What are the prime factors of (f/9)/5*3?
2
Let p be (-1)/(-3) - 40/(-24). Suppose -p*o = 2*o + 8. What are the prime factors of o/((-21)/(-9) - 3)?
3
Suppose 3*f - 12 = 3*y, -3*f - f = y - 1. Let j be 1/(1 + 2/y). List the prime factors of j/(-9) - (-62)/6.
2, 5
Let m be 4/(-14) + 60/14. What are the prime factors of m/(-8) - 7/(-2)?
3
Let c be (-3)/(-9) - (-140)/(-6). List the prime factors of -2 + (3 - c)/2.
11
Let w(f) = -f**3 + 3*f**2 + 2*f. Suppose -4*n = -0*n - 12. Let h be w(n). Suppose 0 = -2*p + h + 18. What are the prime factors of p?
2, 3
Let x(z) = -z**3 + 6*z**2 - 3*z - 2. Let m be x(6). Let i be m/(-4)*(-4)/10. Let p = i + 8. What are the prime factors of p?
2, 3
Suppose -6*s + 170 = -s - v, -4*s + 4*v = -136. List the prime factors of s.
2, 17
Let t be (1*5)/(5/(-10)). Let k = t + 15. List the prime factors of k.
5
Let p = 7 + -6. List the prime factors of (1 + -3)/p + 18.
2
Suppose -2*h + 5*h = -4*a + 31, 13 = 5*h - 3*a. Let z be (-1)/2*8/2. Let s = h - z. What are the prime factors of s?
7
Suppose 2*s - 9 + 1 = 0. Let y be ((-6)/s)/(3/20). Let w = y + 22. What are the prime factors of w?
2, 3
Let f(c) = -5 + c + 4*c - 2*c. List the prime factors of f(8).
19
Let m(u) = -u + 3. Suppose a = -4*a + 25. Let h be m(a). What are the prime factors of 27/2 + h/4?
13
Let m(t) = t**3 - 6*t**2 + 2*t + 7. Let x be m(6). Let q = x - 28. What are the prime factors of -17*3/q*3?
17
Suppose 0 = 5*l - 2*l + 5*s - 151, 2*s + 210 = 4*l. List the prime factors of l.
2, 13
Let y(n) = -4 + 3 - 7*n + 0 - 4. What are the prime factors of y(-2)?
3
Let s be 4/(-12)*(-45)/(-5). Let w(y) = -y + 3 + y - 2*y. List the prime factors of w(s).
3
Suppose 3*u - 19 = -l, 2*l + 3*l = -4*u + 51. List the prime factors of l.
7
Suppose 8 = -5*t + t, 2*l + 146 = 2*t. Let a be l/(-20) + (-6)/8. Suppose -8*n + a*n = 5, 3*s - 34 = 4*n. What are the prime factors of s?
2, 5
Suppose 4*d - 5*c = 917, 0 = -3*d - 5*c + 3*c + 705. List the prime factors of d.
233
Let h be (-20 - 1)*(-48)/28. Suppose 19*o - 23*o + h = 0. List the prime factors of o.
3
Let g(s) = -2*s**2 - 7 - 6*s + 5*s**2 - 2*s**2. Let h be g(8). Let a = h + 0. What are the prime factors of a?
3
Let r = 14 - 11. List the prime factors of r.
3
What are the prime factors of (-820)/(-30)*(3 - 0)?
2, 41
Suppose 0 = k - 5*z + 43, 3*k + z - 3*z + 103 = 0. Suppose 4*d = -0*d - 24. List the prime factors of (0 + 2)/(d/k).
11
Suppose 0 = -4*k - 3*q + 182, -5*q = 4*k - 0*q - 178. List the prime factors of k.
47
Let v(d) = 2*d**2 - 3*d - 2. Let o(b) = b**2 - 7*b - 11. Let f be o(8). What are the prime factors of v(f)?
5
Suppose -4*k + 4 = -4. Suppose -v - 3 = 0, k*v + 10 = -p - 11. What are the prime factors of (-2)/((-24)/p - 2)?
5
Let c = 34 - 10. What are the prime factors of c?
2, 3
Let a(w) = -w**3 - 8*w**2 + 8*w - 6. Let h be a(-9). Suppose h*z = -2*s + 6*s + 35, 2*z - s - 15 = 0. Suppose 42 = -2*p + z*p. What are the prime factors of p?
2, 7
What are the prime factors of (989/(-46))/(2/(-4))?
43
Let s(q) = 2*q + q - 4*q + 9 - 3. List the prime factors of s(4).
2
Let z(f) = -f**3 + 5*f**2 + 6*f. Let c be z(5). Suppose -5*t = 5*u - c, 22 = 4*u + 3*t - t. List the prime factors of u.
5
Let y(g) = g**2 + 7*g + 8. Let c be y(-6). Let n = -1 - c. What are the prime factors of ((-3)/2)/(n/32)?
2
What are the prime factors of 26/((12/(-114))/(-1))?
13, 19
Let u be -2*21/9*3. What are the prime factors of 2*4 - (-11 - u)?
5
Let q(h) be the first derivative of 2*h**3/3 - 4*h**2 + 4*h - 1. What are the prime factors of q(5)?
2, 7
Suppose s + 3*s = 4. Let b = 11 - s. List the prime factors of b.
2, 5
Suppose -12 = 5*h - 52. Let i(o) = h + o + 1 + 1. List the prime factors of i(-5).
5
Let l(h) = h**3 - 3*h**2 + h + 1. What are the prime factors of l(3)?
2
Let n(f) = 7*f - 3. Let a be n(4). Let v = 35 - a. List the prime factors of v.
2, 5
Let i(o) = o**2 - o + 1. Let f be i(-2). Let h = 0 - 0. Suppose h = -r + f - 2. List the prime factors of r.
5
Suppose 2*n - 19 - 19 = -2*b, 5*n = -b + 91. What are the prime factors of n?
2, 3
Let g(w) = 5*w**2 - 5*w - 8. Let k(t) = 4*t**2 - 6*t - 9. Let b(c) = 3*g(c) - 4*k(c). Let p be b(10). What are the prime factors of -57*1/(-6)*p?
19
What are the prime factors of (14/(-3) + 0)/((-26)/1365)?
5, 7
Let s(o) = -o**2 - 12*o - 7. Let u be s(-11). Suppose -40 = 4*d + 4*i, u*i = 4*d + 17 + 7. Let v = d - -14. List the prime factors of v.
2, 3
Let k = -15 + 39. List the prime factors of k.
2, 3
Let i = 70 + -68. What are the prime factors of i?
2
Let s be (-6)/4*(-24)/18. Suppose -s*d - u + 17 = 2*u, 0 = -2*d + 4*u - 4. List the prime factors of d.
2
Let z = -33 + 49. What are the prime factors of z?
2
Let v(k) = -2*k**2 - k**3 + 9*k + 10*k**2 + k. List the prime factors of v(9).
3
Let j = -3 + 3. What are the prime factors of j - -1*(-6)/(-3)?
2
Suppose -8 = m + m, -4*x - 2*m = 24. What are the prime factors of (-32)/4*x - 3?
29
Let r = -5 - -1. Let i be (-2 + (5 - 2))*r. List the prime factors of (2/i)/(1/(-4)).
2
Suppose -f - 2*r + 4*r + 36 = 0, -3*f + r + 93 = 0. List the prime factors of f.
2, 3, 5
Suppose -2 = -2*q + 28. List the prime factors of q.
3, 5
Let v(q) = 2*q**2 + 7*q + 21. List the prime factors of v(-7).
2, 5, 7
Let s be -40*(2 + 26/(-8)). Suppose -2*f + s - 18 = 0. Suppose 2*j + 0*j - f = -2*l, -3*j + l = -28. List the prime factors of j.
3
Suppose -2 - 4 = -3*i. What are the prime factors of i?
2
Let y(f) = 11*f + 50. List the prime factors of y(16).
2, 113
Suppose -5*v - 3*z + 20 = 0, -4*z = 5*v + 10 - 35. List the prime factors of v/(-2 + (-27)/(-13)).
13
Suppose -4 = -3*d + 8. Let v(c) = 14*c + 21. Let j(o) = 5*o + 7. Let q(k) = -17*j(k) + 6*v(k). What are the prime factors of q(d)?
3
Suppose 0 = -5*x + 5*n + 111 - 16, x + 2*n - 34 = 0. Suppose x = -w + 2*w. What are the prime factors of w?
2, 3
Let d(n) = n + 3. Let c(u) = u + 4. Let p be c(3). What are the prime factors of d(p)?
2, 5
Let b(i) = -i**2 - 6*i - 1. Let p be b(-3). Suppose 8 = 2*g - p. List the prime factors of g.
